der when i is divided by f(-35).
12
Let q be (-3 + 10 - 1)/((-1)/34). Let i = q + 354. Let w = 25 - -26. What is the remainder when i is divided by w?
48
What is the remainder when 87*(304/48 + -4) is divided by 34?
33
Suppose -3*j - 15 = -5*r, 2*j - 22 = -3*r + r. Let w = -141 - -141. Suppose w = -2*k + 33 - 29. What is the remainder when r is divided by k?
0
Calculate the remainder when 141/((-24 - -23)/((-25)/3)) is divided by 389.
8
Suppose 0 = -5*a - 3*f + 149 - 33, -59 = -2*a + 3*f. What is the remainder when 82 is divided by a?
7
Suppose -108*f = 2*y - 110*f - 724, 2*f - 353 = -y. Let t(w) = w**2 - 2*w + 18. Calculate the remainder when y is divided by t(0).
17
Let g be 8 - (-2)/(-4)*-4. Let k(n) = -n + 34. Calculate the remainder when 69 is divided by k(g).
21
Let g = 13751 + -13650. What is the remainder when 472 is divided by g?
68
Suppose 373*x - 369*x + 21 = 3*p, -5*p = -x - 35. Calculate the remainder when 5994 is divided by p.
2
Let r = -2070 - -2312. What is the remainder when r is divided by 23?
12
Calculate the remainder when (133 + 10689)*((-25)/(-20) - (-2)/8) is divided by 191.
189
Suppose -52*s = 671 - 2283. Calculate the remainder when 2167 is divided by s.
28
Let d = 599 + -563. Suppose -35*t = -d*t + 569. What is the remainder when t is divided by 19?
18
Let o(v) = -11 + 32*v - 14*v - 13*v. Let t be o(-16). Let u = t + 92. Calculate the remainder when 8 is divided by u.
0
Suppose 6*j - 1201 = 473. What is the remainder when j is divided by 58?
47
Let r(z) = 17*z**2 + 2*z. Let h be r(2). Let d = 85 - h. What is the remainder when -10*((-126)/60 - 2/5) is divided by d?
12
Suppose -2*y = -3 - 3, 31 = v + 4*y. What is the remainder when ((42/12)/((-2)/56))/(0 - 2) is divided by v?
11
Suppose -221*n - 303*n - 8063 + 54699 = 0. What is the remainder when 13883 is divided by n?
88
Let g(h) be the first derivative of h**4/4 + 14*h**3/3 + 11*h**2 - 10*h + 69. What is the remainder when g(-12) is divided by 5?
4
Let u be (-2 - 0)/(86/(-215)). Suppose 5*j - 3*g = j + 904, -1107 = -u*j - 2*g. Calculate the remainder when j is divided by 71.
10
Suppose l = 3*l + 16. Let x be (-8)/4 - (l + -2). Suppose -x*a = a - 180. What is the remainder when 79 is divided by a?
19
Let j be (-1)/(-2)*100 + (-3)/1. Let a = j + -86. Let r = 56 + a. What is the remainder when 67 is divided by r?
16
Suppose 3*g - 52 = -5*q + 73, 2*g + 10 = 0. Suppose 322 = n + 107. Let b = n - 136. What is the remainder when b is divided by q?
23
Let n be 41132/(-252) + 0 + (-4)/(-18). Let u = 211 + n. What is the remainder when u is divided by 7?
6
Let a = -509 - -516. Suppose 954 - 422 = a*g. Calculate the remainder when g is divided by 13.
11
Let m be (-40 + 16)/(-6*(-3)/1284). Let r = m + 3230. Calculate the remainder when r is divided by 95.
93
Let g(m) = -m**3 + 20*m**2 - 38*m + 38. Calculate the remainder when g(9) is divided by 35.
27
Suppose 0 = -563*y + 548*y + 5205. What is the remainder when y is divided by 37?
14
Let u = 2735 + -2385. Calculate the remainder when 10498 is divided by u.
348
Suppose 0 = -7*d + 356 + 337. What is the remainder when 23460 is divided by d?
96
Let o = 766 - 621. What is the remainder when 280 is divided by o?
135
Let m = 930 - 908. Calculate the remainder when 536 is divided by m.
8
Suppose -d = 3*d - p - 2715, -2711 = -4*d + 5*p. Suppose 7*j + 0*j = d. What is the remainder when j is divided by 21?
13
Let q be (700/(-2))/((-30)/60). Suppose 0 = -11*v - 14*v + q. Calculate the remainder when 4/10 + 2904/15 is divided by v.
26
Suppose 1127*k - 150 = 1112*k. Let s = -18 - -25. What is the remainder when k is divided by s?
3
Suppose -2811*j - 26 = -4*d - 2816*j, 3*d + j = 36. Calculate the remainder when 672 is divided by d.
0
What is the remainder when (280/30)/(4/417) is divided by 65?
63
Let b be 2545*((-1)/(-3) - (-6)/(-45)). Let t = b - 334. What is the remainder when t is divided by 15?
10
Let k = -7662 - -7751. Calculate the remainder when 8187 is divided by k.
88
Let t be (-476)/35 - (-3 - (-34)/10). Let g(h) = 16 + 5 - 66 - 4*h. Calculate the remainder when 31 is divided by g(t).
9
Let b(d) = 5*d - 7. Let k(h) = h**2 + 6*h - 67. Let i be k(16). Suppose 12*n - 243 = i. What is the remainder when n is divided by b(6)?
21
Let r(s) = 750*s**2 - 4. Let y be 1 + ((-8 - -3) + 5)/(-2). What is the remainder when r(y) is divided by 83?
82
Let s = 1 - 2. Suppose 33873 + 5175 = 914*t - 13964. Calculate the remainder when t is divided by s/((-2)/(-30)*-1).
13
Suppose -1312 - 1493 = -20*n - 365. What is the remainder when 479 is divided by n?
113
Let d(j) = -j**3 + 16*j**2 + 61*j + 35. What is the remainder when 118 is divided by d(19)?
7
Suppose -4*a - f + 4 = 0, a = -3*a - 3*f + 4. Let y(r) = 26*r + 8. What is the remainder when (14 + 0)*(-145)/(-10) is divided by y(a)?
33
Let g = 22259 - 22085. Calculate the remainder when 366 is divided by g.
18
Let r(q) = 2*q**2 + 533*q - 1610. Let k(l) = -1 + l + 12 - 2*l. What is the remainder when k(-8) is divided by r(3)?
5
Suppose 3*p + 18 - 39 = 0. Calculate the remainder when (-52)/182 - (-93)/p is divided by 3.
1
Suppose 3*b + 6 = -6. Let u(s) = -14*s - 9. Let r be u(b). Suppose -r = -2*f + f. What is the remainder when 140 is divided by f?
46
Let t = 226 + -148. Calculate the remainder when 72 is divided by ((-38)/(-6))/(26/t).
15
Suppose 44*w - 46*w - 33 = -3*u, -4*u = -4*w - 52. Calculate the remainder when 2 + (0/1 - -6) is divided by u.
1
Let h be (4 + (0 - 4))/3 + 476. Suppose -2*q = 15*q - h. Calculate the remainder when q is divided by 5.
3
What is the remainder when 916 is divided by (51/6*4)/(-2 - 1 - -4)?
32
Suppose 3*s = 2*z + 1582, -2*s = 2*z - 6*z - 1060. Let l(i) = -i**2 + 14*i - 1. What is the remainder when s is divided by l(7)?
46
Let l be ((-144)/15)/(((-3)/20)/1). Let d = l - 12. Let p = d + -21. Calculate the remainder when 121 is divided by p.
28
Suppose -2*u + 0 = -4. Suppose -5*r = -2*h - 3, -u*h + 4*r = 2*r + 12. Calculate the remainder when 2 - 12/h*1*90 is divided by 42.
38
Let r = -3316 - -3323. Calculate the remainder when 4043 is divided by r.
4
Let u(t) = 5*t + 80. What is the remainder when u(-5) is divided by 9?
1
Suppose 3*q = -180*h + 177*h + 144, h = -2. What is the remainder when 263 is divided by q?
13
Let s = 0 + 7. Suppose -2*l - 10 = 0, 2*l = -4*m + s*l + 73. Let x(b) = -6*b - 7. Calculate the remainder when x(-11) is divided by m.
11
Let v = 10975 + -10962. What is the remainder when 8669 is divided by v?
11
Suppose 5*i - 6*i + 103 = 2*h, 5*h = -i + 100. Let t = 0 - i. What is the remainder when (-2)/(6/t) - 4 is divided by 12?
7
Suppose 41377 = 105*q + 12607. Calculate the remainder when q is divided by 55.
54
Suppose 3*q = 8 - 2. Suppose -s = -3*n, 0*s + 2*n - 24 = -q*s. Let v(y) = -y**2 + 43*y - 351. Calculate the remainder when v(31) is divided by s.
3
Suppose -4*f - 4*g = -4, -3 = -3*f - 2*g + 3. Suppose -u + 88 = 17. Calculate the remainder when u is divided by f.
3
Let w(v) = -v**3 - 2*v**2 + 2*v - 4. Suppose -48*p + 47 + 1 = 0. Let r(a) = 15*a**3 - 2*a**2 + 4*a - 1. Calculate the remainder when w(-4) is divided by r(p).
4
Suppose 0 = -2*u + 2*q + 2440, 12*u + 2*q = 7*u + 6128. Suppose 5*c - u = -979. Calculate the remainder when c is divided by (-2)/(-9) + (-440)/(-45).
9
Suppose 0 = -0*i + 5*i - n - 29, -2*i + 5*n = -7. Suppose 6 + i = -3*f, -2*z + 44 = -4*f. What is the remainder when 80 is divided by z?
10
Suppose -3*o + 5*t = -111, 4*o + 5*t + 173 = 391. What is the remainder when 421 is divided by o?
45
Let l = 6270 + -5448. What is the remainder when l is divided by 8?
6
Suppose 9*i - 791 - 1882 = 0. Calculate the remainder when i is divided by 94.
15
Suppose -419 = -2*j + 623. Suppose 24*a - 79 = j. Let w = 16 - -82. Calculate the remainder when w is divided by a.
23
What is the remainder when 993 is divided by -1 + -3 + ((-1458)/(-72))/((-3)/(-12))?
69
Suppose -3*u - 180 = -4*p, -3*p + 115 = 2*u - 37. Suppose p = 32*f - 28*f. Calculate the remainder when 167 is divided by f.
11
Let u(n) = 2*n**3 - 23*n**2 + 25*n - 11. What is the remainder when u(12) is divided by 3?
1
Let p = 23863 - 22875. Calculate the remainder when p is divided by 975.
13
Let j be 5/5*-8 + 214. Let o = j - 198. What is the remainder when 97 is divided by o